{"id":1700,"date":"2025-05-29T00:14:38","date_gmt":"2025-05-29T00:14:38","guid":{"rendered":"https:\/\/wif2.deegita.com\/?post_type=guide&#038;p=1700"},"modified":"2025-06-13T11:53:07","modified_gmt":"2025-06-13T11:53:07","slug":"javier-garc%c3%ada-caro-es","status":"publish","type":"guide","link":"https:\/\/www.walksinsideflorence.it\/es\/guide\/javier-garc%c3%ada-caro-es\/","title":{"rendered":"Javier Garc\u00eda Caro"},"content":{"rendered":"<p>Nacido en Espa\u00f1a, Javier ha sido siempre un apasionado de los viajes, la historia y el arte y conocer distintas culturas por lo que despu\u00e9s de licenciarse en lengua y literatura inglesa y alemana por la Universidad de Sevilla, sigui\u00f3 estudiando franc\u00e9s, italiano y portugu\u00e9s, pasando temporadas en Francia, Alemania, Portugal y otros pa\u00edses europeos.<\/p>\n<p>Est\u00e1 pasi\u00f3n le llevo a dedicarse al turismo, donde comenz\u00f3 trabajando como responsable del departamento de grupos y de reservas de un tour operador. La pasi\u00f3n por viajar le llev\u00f3 a comenzar como gu\u00eda de rutas en Italia en 1999 y finalmente se convirti\u00f3 en gu\u00eda autorizado de Florencia en 2015, que es actualmente su profesi\u00f3n a tiempo completo, trabajando en Florencia y en gran parte de la Toscana.<\/p>\n<p>Es un absoluto privilegio para \u00e9l hacer todo lo que le apasiona mientras trabaja o como dec\u00eda Confucio: \u201cElige trabajar en lo que ames y no trabajar\u00e1s un solo d\u00eda en tu vida\u201d.<\/p>\n","protected":false},"featured_media":1698,"template":"","meta":{"_acf_changed":false},"class_list":["post-1700","guide","type-guide","status-publish","has-post-thumbnail","hentry"],"acf":[],"yoast_head":"<!-- This site is optimized with the Yoast SEO plugin v26.9 - https:\/\/yoast.com\/product\/yoast-seo-wordpress\/ -->\n<title>Javier Garc\u00eda Caro - Florence authorized Guide - Walks Inside Florence<\/title>\n<meta name=\"robots\" content=\"index, follow, max-snippet:-1, max-image-preview:large, max-video-preview:-1\" \/>\n<link rel=\"canonical\" href=\"https:\/\/www.walksinsideflorence.it\/es\/guide\/javier-garc%c3%ada-caro-es\/\" \/>\n<meta property=\"og:locale\" content=\"es_ES\" \/>\n<meta property=\"og:type\" content=\"article\" \/>\n<meta property=\"og:title\" content=\"Javier Garc\u00eda Caro - Florence authorized Guide - Walks Inside Florence\" \/>\n<meta property=\"og:description\" content=\"Nacido en Espa\u00f1a, Javier ha sido siempre un apasionado de los viajes, la historia y el arte y conocer distintas culturas por lo que despu\u00e9s de licenciarse en lengua y literatura inglesa y alemana por la Universidad de Sevilla, sigui\u00f3 estudiando franc\u00e9s, italiano y portugu\u00e9s, pasando temporadas en Francia, Alemania, Portugal y otros pa\u00edses europeos. [&hellip;]\" \/>\n<meta property=\"og:url\" content=\"https:\/\/www.walksinsideflorence.it\/es\/guide\/javier-garc%c3%ada-caro-es\/\" \/>\n<meta property=\"og:site_name\" content=\"Walks Inside Florence\" \/>\n<meta property=\"article:modified_time\" content=\"2025-06-13T11:53:07+00:00\" \/>\n<meta property=\"og:image\" content=\"https:\/\/www.walksinsideflorence.it\/wp-content\/uploads\/2025\/06\/javier-garcia-caro.jpg\" \/>\n\t<meta property=\"og:image:width\" content=\"962\" \/>\n\t<meta property=\"og:image:height\" content=\"962\" \/>\n\t<meta property=\"og:image:type\" content=\"image\/jpeg\" \/>\n<meta name=\"twitter:card\" content=\"summary_large_image\" \/>\n<meta name=\"twitter:label1\" content=\"Tiempo de lectura\" \/>\n\t<meta name=\"twitter:data1\" content=\"1 minuto\" \/>\n<script type=\"application\/ld+json\" class=\"yoast-schema-graph\">{\"@context\":\"https:\/\/schema.org\",\"@graph\":[{\"@type\":\"WebPage\",\"@id\":\"https:\/\/www.walksinsideflorence.it\/es\/guide\/javier-garc%c3%ada-caro-es\/\",\"url\":\"https:\/\/www.walksinsideflorence.it\/es\/guide\/javier-garc%c3%ada-caro-es\/\",\"name\":\"Javier Garc\u00eda Caro - Florence authorized Guide - Walks Inside Florence\",\"isPartOf\":{\"@id\":\"https:\/\/www.walksinsideflorence.it\/es\/#website\"},\"primaryImageOfPage\":{\"@id\":\"https:\/\/www.walksinsideflorence.it\/es\/guide\/javier-garc%c3%ada-caro-es\/#primaryimage\"},\"image\":{\"@id\":\"https:\/\/www.walksinsideflorence.it\/es\/guide\/javier-garc%c3%ada-caro-es\/#primaryimage\"},\"thumbnailUrl\":\"https:\/\/www.walksinsideflorence.it\/wp-content\/uploads\/2025\/06\/javier-garcia-caro.jpg\",\"datePublished\":\"2025-05-29T00:14:38+00:00\",\"dateModified\":\"2025-06-13T11:53:07+00:00\",\"breadcrumb\":{\"@id\":\"https:\/\/www.walksinsideflorence.it\/es\/guide\/javier-garc%c3%ada-caro-es\/#breadcrumb\"},\"inLanguage\":\"es\",\"potentialAction\":[{\"@type\":\"ReadAction\",\"target\":[\"https:\/\/www.walksinsideflorence.it\/es\/guide\/javier-garc%c3%ada-caro-es\/\"]}]},{\"@type\":\"ImageObject\",\"inLanguage\":\"es\",\"@id\":\"https:\/\/www.walksinsideflorence.it\/es\/guide\/javier-garc%c3%ada-caro-es\/#primaryimage\",\"url\":\"https:\/\/www.walksinsideflorence.it\/wp-content\/uploads\/2025\/06\/javier-garcia-caro.jpg\",\"contentUrl\":\"https:\/\/www.walksinsideflorence.it\/wp-content\/uploads\/2025\/06\/javier-garcia-caro.jpg\",\"width\":962,\"height\":962},{\"@type\":\"BreadcrumbList\",\"@id\":\"https:\/\/www.walksinsideflorence.it\/es\/guide\/javier-garc%c3%ada-caro-es\/#breadcrumb\",\"itemListElement\":[{\"@type\":\"ListItem\",\"position\":1,\"name\":\"Home\",\"item\":\"https:\/\/www.walksinsideflorence.it\/es\/\"},{\"@type\":\"ListItem\",\"position\":2,\"name\":\"Javier Garc\u00eda Caro\"}]},{\"@type\":\"WebSite\",\"@id\":\"https:\/\/www.walksinsideflorence.it\/es\/#website\",\"url\":\"https:\/\/www.walksinsideflorence.it\/es\/\",\"name\":\"Walks Inside Florence\",\"description\":\"\",\"publisher\":{\"@id\":\"https:\/\/www.walksinsideflorence.it\/es\/#organization\"},\"potentialAction\":[{\"@type\":\"SearchAction\",\"target\":{\"@type\":\"EntryPoint\",\"urlTemplate\":\"https:\/\/www.walksinsideflorence.it\/es\/?s={search_term_string}\"},\"query-input\":{\"@type\":\"PropertyValueSpecification\",\"valueRequired\":true,\"valueName\":\"search_term_string\"}}],\"inLanguage\":\"es\"},{\"@type\":\"Organization\",\"@id\":\"https:\/\/www.walksinsideflorence.it\/es\/#organization\",\"name\":\"Walks Inside Florence\",\"url\":\"https:\/\/www.walksinsideflorence.it\/es\/\",\"logo\":{\"@type\":\"ImageObject\",\"inLanguage\":\"es\",\"@id\":\"https:\/\/www.walksinsideflorence.it\/es\/#\/schema\/logo\/image\/\",\"url\":\"https:\/\/www.walksinsideflorence.it\/wp-content\/uploads\/2025\/05\/logo.png\",\"contentUrl\":\"https:\/\/www.walksinsideflorence.it\/wp-content\/uploads\/2025\/05\/logo.png\",\"width\":170,\"height\":97,\"caption\":\"Walks Inside Florence\"},\"image\":{\"@id\":\"https:\/\/www.walksinsideflorence.it\/es\/#\/schema\/logo\/image\/\"}}]}<\/script>\n<!-- \/ Yoast SEO plugin. -->","yoast_head_json":{"title":"Javier Garc\u00eda Caro - Florence authorized Guide - Walks Inside Florence","robots":{"index":"index","follow":"follow","max-snippet":"max-snippet:-1","max-image-preview":"max-image-preview:large","max-video-preview":"max-video-preview:-1"},"canonical":"https:\/\/www.walksinsideflorence.it\/es\/guide\/javier-garc%c3%ada-caro-es\/","og_locale":"es_ES","og_type":"article","og_title":"Javier Garc\u00eda Caro - Florence authorized Guide - Walks Inside Florence","og_description":"Nacido en Espa\u00f1a, Javier ha sido siempre un apasionado de los viajes, la historia y el arte y conocer distintas culturas por lo que despu\u00e9s de licenciarse en lengua y literatura inglesa y alemana por la Universidad de Sevilla, sigui\u00f3 estudiando franc\u00e9s, italiano y portugu\u00e9s, pasando temporadas en Francia, Alemania, Portugal y otros pa\u00edses europeos. [&hellip;]","og_url":"https:\/\/www.walksinsideflorence.it\/es\/guide\/javier-garc%c3%ada-caro-es\/","og_site_name":"Walks Inside Florence","article_modified_time":"2025-06-13T11:53:07+00:00","og_image":[{"width":962,"height":962,"url":"https:\/\/www.walksinsideflorence.it\/wp-content\/uploads\/2025\/06\/javier-garcia-caro.jpg","type":"image\/jpeg"}],"twitter_card":"summary_large_image","twitter_misc":{"Tiempo de lectura":"1 minuto"},"schema":{"@context":"https:\/\/schema.org","@graph":[{"@type":"WebPage","@id":"https:\/\/www.walksinsideflorence.it\/es\/guide\/javier-garc%c3%ada-caro-es\/","url":"https:\/\/www.walksinsideflorence.it\/es\/guide\/javier-garc%c3%ada-caro-es\/","name":"Javier Garc\u00eda Caro - Florence authorized Guide - Walks Inside Florence","isPartOf":{"@id":"https:\/\/www.walksinsideflorence.it\/es\/#website"},"primaryImageOfPage":{"@id":"https:\/\/www.walksinsideflorence.it\/es\/guide\/javier-garc%c3%ada-caro-es\/#primaryimage"},"image":{"@id":"https:\/\/www.walksinsideflorence.it\/es\/guide\/javier-garc%c3%ada-caro-es\/#primaryimage"},"thumbnailUrl":"https:\/\/www.walksinsideflorence.it\/wp-content\/uploads\/2025\/06\/javier-garcia-caro.jpg","datePublished":"2025-05-29T00:14:38+00:00","dateModified":"2025-06-13T11:53:07+00:00","breadcrumb":{"@id":"https:\/\/www.walksinsideflorence.it\/es\/guide\/javier-garc%c3%ada-caro-es\/#breadcrumb"},"inLanguage":"es","potentialAction":[{"@type":"ReadAction","target":["https:\/\/www.walksinsideflorence.it\/es\/guide\/javier-garc%c3%ada-caro-es\/"]}]},{"@type":"ImageObject","inLanguage":"es","@id":"https:\/\/www.walksinsideflorence.it\/es\/guide\/javier-garc%c3%ada-caro-es\/#primaryimage","url":"https:\/\/www.walksinsideflorence.it\/wp-content\/uploads\/2025\/06\/javier-garcia-caro.jpg","contentUrl":"https:\/\/www.walksinsideflorence.it\/wp-content\/uploads\/2025\/06\/javier-garcia-caro.jpg","width":962,"height":962},{"@type":"BreadcrumbList","@id":"https:\/\/www.walksinsideflorence.it\/es\/guide\/javier-garc%c3%ada-caro-es\/#breadcrumb","itemListElement":[{"@type":"ListItem","position":1,"name":"Home","item":"https:\/\/www.walksinsideflorence.it\/es\/"},{"@type":"ListItem","position":2,"name":"Javier Garc\u00eda Caro"}]},{"@type":"WebSite","@id":"https:\/\/www.walksinsideflorence.it\/es\/#website","url":"https:\/\/www.walksinsideflorence.it\/es\/","name":"Walks Inside Florence","description":"","publisher":{"@id":"https:\/\/www.walksinsideflorence.it\/es\/#organization"},"potentialAction":[{"@type":"SearchAction","target":{"@type":"EntryPoint","urlTemplate":"https:\/\/www.walksinsideflorence.it\/es\/?s={search_term_string}"},"query-input":{"@type":"PropertyValueSpecification","valueRequired":true,"valueName":"search_term_string"}}],"inLanguage":"es"},{"@type":"Organization","@id":"https:\/\/www.walksinsideflorence.it\/es\/#organization","name":"Walks Inside Florence","url":"https:\/\/www.walksinsideflorence.it\/es\/","logo":{"@type":"ImageObject","inLanguage":"es","@id":"https:\/\/www.walksinsideflorence.it\/es\/#\/schema\/logo\/image\/","url":"https:\/\/www.walksinsideflorence.it\/wp-content\/uploads\/2025\/05\/logo.png","contentUrl":"https:\/\/www.walksinsideflorence.it\/wp-content\/uploads\/2025\/05\/logo.png","width":170,"height":97,"caption":"Walks Inside Florence"},"image":{"@id":"https:\/\/www.walksinsideflorence.it\/es\/#\/schema\/logo\/image\/"}}]}},"_links":{"self":[{"href":"https:\/\/www.walksinsideflorence.it\/es\/wp-json\/wp\/v2\/guide\/1700","targetHints":{"allow":["GET"]}}],"collection":[{"href":"https:\/\/www.walksinsideflorence.it\/es\/wp-json\/wp\/v2\/guide"}],"about":[{"href":"https:\/\/www.walksinsideflorence.it\/es\/wp-json\/wp\/v2\/types\/guide"}],"wp:featuredmedia":[{"embeddable":true,"href":"https:\/\/www.walksinsideflorence.it\/es\/wp-json\/wp\/v2\/media\/1698"}],"wp:attachment":[{"href":"https:\/\/www.walksinsideflorence.it\/es\/wp-json\/wp\/v2\/media?parent=1700"}],"curies":[{"name":"wp","href":"https:\/\/api.w.org\/{rel}","templated":true}]}}

Javier García Caro

<p>Nacido en España, Javier ha sido siempre un apasionado de los viajes, la historia y el arte y conocer distintas culturas por lo que después de licenciarse en lengua y literatura inglesa y alemana por la Universidad de Sevilla, siguió estudiando francés, italiano y portugués, pasando temporadas en Francia, Alemania, Portugal y otros países europeos.</p>
<p>Está pasión le llevo a dedicarse al turismo, donde comenzó trabajando como responsable del departamento de grupos y de reservas de un tour operador. La pasión por viajar le llevó a comenzar como guía de rutas en Italia en 1999 y finalmente se convirtió en guía autorizado de Florencia en 2015, que es actualmente su profesión a tiempo completo, trabajando en Florencia y en gran parte de la Toscana.</p>
<p>Es un absoluto privilegio para él hacer todo lo que le apasiona mientras trabaja o como decía Confucio: “Elige trabajar en lo que ames y no trabajarás un solo día en tu vida”.</p>

<!-- This site is optimized with the Yoast SEO plugin v26.9 - https://yoast.com/product/yoast-seo-wordpress/ -->
<title>Javier García Caro - Florence authorized Guide - Walks Inside Florence</title>
<meta name="robots" content="index, follow, max-snippet:-1, max-image-preview:large, max-video-preview:-1" />
<link rel="canonical" href="https://www.walksinsideflorence.it/es/guide/javier-garc%c3%ada-caro-es/" />
<meta property="og:locale" content="es_ES" />
<meta property="og:type" content="article" />
<meta property="og:title" content="Javier García Caro - Florence authorized Guide - Walks Inside Florence" />
<meta property="og:description" content="Nacido en España, Javier ha sido siempre un apasionado de los viajes, la historia y el arte y conocer distintas culturas por lo que después de licenciarse en lengua y literatura inglesa y alemana por la Universidad de Sevilla, siguió estudiando francés, italiano y portugués, pasando temporadas en Francia, Alemania, Portugal y otros países europeos. [&hellip;]" />
<meta property="og:url" content="https://www.walksinsideflorence.it/es/guide/javier-garc%c3%ada-caro-es/" />
<meta property="og:site_name" content="Walks Inside Florence" />
<meta property="article:modified_time" content="2025-06-13T11:53:07+00:00" />
<meta property="og:image" content="https://www.walksinsideflorence.it/wp-content/uploads/2025/06/javier-garcia-caro.jpg" />
	<meta property="og:image:width" content="962" />
	<meta property="og:image:height" content="962" />
	<meta property="og:image:type" content="image/jpeg" />
<meta name="twitter:card" content="summary_large_image" />
<meta name="twitter:label1" content="Tiempo de lectura" />
	<meta name="twitter:data1" content="1 minuto" />
<script type="application/ld+json" class="yoast-schema-graph">{"@context":"https://schema.org","@graph":[{"@type":"WebPage","@id":"https://www.walksinsideflorence.it/es/guide/javier-garc%c3%ada-caro-es/","url":"https://www.walksinsideflorence.it/es/guide/javier-garc%c3%ada-caro-es/","name":"Javier García Caro - Florence authorized Guide - Walks Inside Florence","isPartOf":{"@id":"https://www.walksinsideflorence.it/es/#website"},"primaryImageOfPage":{"@id":"https://www.walksinsideflorence.it/es/guide/javier-garc%c3%ada-caro-es/#primaryimage"},"image":{"@id":"https://www.walksinsideflorence.it/es/guide/javier-garc%c3%ada-caro-es/#primaryimage"},"thumbnailUrl":"https://www.walksinsideflorence.it/wp-content/uploads/2025/06/javier-garcia-caro.jpg","datePublished":"2025-05-29T00:14:38+00:00","dateModified":"2025-06-13T11:53:07+00:00","breadcrumb":{"@id":"https://www.walksinsideflorence.it/es/guide/javier-garc%c3%ada-caro-es/#breadcrumb"},"inLanguage":"es","potentialAction":[{"@type":"ReadAction","target":["https://www.walksinsideflorence.it/es/guide/javier-garc%c3%ada-caro-es/"]}]},{"@type":"ImageObject","inLanguage":"es","@id":"https://www.walksinsideflorence.it/es/guide/javier-garc%c3%ada-caro-es/#primaryimage","url":"https://www.walksinsideflorence.it/wp-content/uploads/2025/06/javier-garcia-caro.jpg","contentUrl":"https://www.walksinsideflorence.it/wp-content/uploads/2025/06/javier-garcia-caro.jpg","width":962,"height":962},{"@type":"BreadcrumbList","@id":"https://www.walksinsideflorence.it/es/guide/javier-garc%c3%ada-caro-es/#breadcrumb","itemListElement":[{"@type":"ListItem","position":1,"name":"Home","item":"https://www.walksinsideflorence.it/es/"},{"@type":"ListItem","position":2,"name":"Javier García Caro"}]},{"@type":"WebSite","@id":"https://www.walksinsideflorence.it/es/#website","url":"https://www.walksinsideflorence.it/es/","name":"Walks Inside Florence","description":"","publisher":{"@id":"https://www.walksinsideflorence.it/es/#organization"},"potentialAction":[{"@type":"SearchAction","target":{"@type":"EntryPoint","urlTemplate":"https://www.walksinsideflorence.it/es/?s={search_term_string}"},"query-input":{"@type":"PropertyValueSpecification","valueRequired":true,"valueName":"search_term_string"}}],"inLanguage":"es"},{"@type":"Organization","@id":"https://www.walksinsideflorence.it/es/#organization","name":"Walks Inside Florence","url":"https://www.walksinsideflorence.it/es/","logo":{"@type":"ImageObject","inLanguage":"es","@id":"https://www.walksinsideflorence.it/es/#/schema/logo/image/","url":"https://www.walksinsideflorence.it/wp-content/uploads/2025/05/logo.png","contentUrl":"https://www.walksinsideflorence.it/wp-content/uploads/2025/05/logo.png","width":170,"height":97,"caption":"Walks Inside Florence"},"image":{"@id":"https://www.walksinsideflorence.it/es/#/schema/logo/image/"}}]}</script>
<!-- / Yoast SEO plugin. -->

Javier García Caro - Florence authorized Guide - Walks Inside Florence

Nacido en España, Javier ha sido siempre un apasionado de los viajes, la historia y el arte y conocer distintas culturas por lo que después de licenciarse en lengua y literatura inglesa y alemana por la Universidad de Sevilla, siguió estudiando francés, italiano y portugués, pasando temporadas en Francia, Alemania, Portugal y otros países europeos. [&hellip;]
